ose -15*l + f = -x*l. Calculate the highest common divisor of 3 and l.
3
Suppose -7*m + 76 + 8 = 0. Calculate the highest common divisor of 28 and m.
4
Suppose 7*z = 57 + 27. Calculate the greatest common factor of 156 and z.
12
Suppose -15*y + 14*y + 131 = z, -z + y = -129. Calculate the greatest common divisor of z and 30.
10
Suppose -3*f = 3 - 36. Let k(z) = 0*z - 17 + f - z. Let j be k(-9). Calculate the highest common divisor of j and 21.
3
Suppose -3*w + 52 = 5*i, -4*i = w - 37 + 15. Suppose 2*z + 4 = 4*o - 4, -2 = -o - z. Calculate the highest common factor of o and w.
2
Let g(x) = -x + 142 - 262 + 135. Let s(y) = y**3 + 4*y**2 - 6*y + 6. Let o be s(-5). Let q be g(o). What is the greatest common divisor of q and 44?
4
Let h(w) = 17*w**2 + 3*w. Let i be h(-2). Let k(v) = 17*v + 7. Let p be k(-3). Let a = p + i. What is the greatest common divisor of a and 6?
6
Suppose -3 + 6 = g. Suppose -3*u - g*z = -9, -2*u - 2*z - 3 = 3*z. Suppose -u*r + 2*r = -308. What is the highest common divisor of 7 and r?
7
Let m be 2126 - (3/2)/((-60)/(-40)). What is the highest common divisor of m and 85?
85
Let z(r) = -10*r + 0*r**3 - 4 + r**3 + 18*r - 4*r**2. Let u be z(6). Suppose u = 5*x + 5*j - j, j + 1 = 0. What is the greatest common factor of x and 24?
24
Suppose -43*y + 47*y - 488 = 0. Calculate the highest common factor of 1281 and y.
61
Let q be 314/10 - (-2)/45*-9. What is the highest common divisor of 713 and q?
31
Let c(t) = -31*t + 1. Let d be c(-1). Suppose -5*k + 9*k + 8 = 2*w, -4*w = -k - 30. Calculate the greatest common factor of d and w.
8
Suppose -9*o + 14*o - 15 = 0. Suppose -o*w = w - 128. Suppose -2*s - 8 = -3*r + 8, 0 = 5*r - 3*s - 26. What is the highest common factor of w and r?
4
Let b = -425 - -601. Calculate the highest common factor of 48 and b.
16
Suppose 5*z + 90 = 305. Suppose -4*u + 9*a + 13 = 4*a, 0 = u + 2*a. Suppose 39 = u*m - b, 4*b - 129 + z = -3*m. What is the highest common factor of m and 11?
11
Let u(z) = -z**3 - 9*z**2 + 10*z - 8. Let s be u(-10). Let g = 3 - s. Let j = 116 + -72. Calculate the greatest common divisor of g and j.
11
Let n = -2 + 11. Let v = n + -2. Let c be (0 - 6/9) + (-115)/(-15). What is the highest common divisor of c and v?
7
Let r = 67 + -31. What is the greatest common divisor of r and 144?
36
Suppose 6*j = 9*j + 4*s - 57, 4*j + 3*s = 83. Calculate the highest common factor of j and 161.
23
Suppose -43*p + 84 = -29*p. Suppose -4*k + n = -28, 0*k - 30 = -3*k + 3*n. What is the highest common factor of k and p?
6
Suppose -4*d + 399 = 351. What is the greatest common divisor of d and 32?
4
Let i(c) = c**3 - 6*c**2 + 6*c + 7. Let z be i(5). Suppose 5*n - n - z = 0. Calculate the highest common divisor of 12 and n.
3
Suppose -122 = -2*i + c - 5*c, -2*i + 113 = c. Let h be 1*1/(-3)*3*-11. What is the greatest common factor of i and h?
11
Let q(i) = -i**3 - 4*i**2 + 11*i + 11. Let w be q(-8). Let l = w - 74. What is the highest common divisor of l and 21?
21
Let s be ((-15)/5 - -81) + 1. Suppose 0*z + 2*z + p = 527, 537 = 2*z + 3*p. Suppose s - z = -h. What is the greatest common factor of 26 and h?
26
Let q(v) = -6*v**3 - v - 1. Let h be -1*(-2 + 5) - -2. Let a be q(h). Let k be (8*(1 - 3))/(21/(-63)). Calculate the highest common divisor of a and k.
6
Let d = 128 + -260. Let a = -82 - d. Calculate the highest common divisor of a and 10.
10
Let b = -48 - -52. Suppose 4*s - 32 = -5*t, b*s - 15 = -3*t + 9. Suppose g - 60 = -2*m - 3*g, -m - 3*g = -27. Calculate the highest common factor of t and m.
4
Suppose -3*z + 7*z = 2*f + 6, -5*f + 3 = -4*z. Let h(b) = -5 + 65*b + 1 + z - 1. Let r be h(1). What is the highest common divisor of 7 and r?
7
Let k = -2602 + 2605. Calculate the highest common divisor of k and 60.
3
Let y(s) = s**3 - 6*s**2 - 17*s + 52. Let m be y(8). Calculate the highest common divisor of m and 4.
4
Suppose -h = 5*s - 90, -4*s + 35 = 4*h - 261. What is the highest common divisor of h and 14?
14
Let h(c) = c**2 + 4*c - 3. Let n be h(2). Let s be 61 - (-8)/(4 - 8). Let x = s - 32. Calculate the highest common factor of x and n.
9
Let m be 29 + 0 + 15/5. What is the highest common divisor of 224 and m?
32
Let f(c) be the second derivative of 2*c**3 + 2*c. Let g be f(3). Let r = 10 - -80. Calculate the highest common divisor of g and r.
18
Let y be (-2856)/(-96) - -1*(-1)/(-4). Suppose 206*g - y = 203*g. Calculate the greatest common divisor of 20 and g.
10
Suppose -54 = 3*h - 6*h. Let o(y) = 14*y**2 - 2. Let p be o(2). What is the highest common divisor of p and h?
18
Suppose a - 9 + 5 = 0. Suppose 36 = -a*d + 372. Suppose 5*p + 5*m - 116 = 94, -4*m = 2*p - d. What is the greatest common divisor of p and 14?
14
Let j(k) = 2*k**3 - 13*k**2 + 6*k + 17. Let l be j(9). Calculate the greatest common divisor of l and 28.
28
Suppose -4*c + 6*c - 70 = -4*r, 5*c = 5*r - 95. Let i(j) = 2*j - 1. Let m be i(3). Let v = r - m. Calculate the greatest common factor of 117 and v.
13
Let b(c) = -12 - c - c + 2*c**2 + 10 + 5*c. Let m be b(-3). Suppose -w + 2 = -m. What is the greatest common factor of 18 and w?
9
Suppose -5*b + 3*a = -52, a = 5*b + 3*a - 57. Suppose 0 = -2*j - 8, -4*q + 5*j = -0*q - 64. What is the greatest common divisor of q and b?
11
Suppose -2*j + 7 = l, 4*j + l + 2 = 15. Suppose 2*c - 11 = -j. Suppose -c*q - a = 2*a - 111, -5*q + 135 = 5*a. What is the highest common factor of q and 6?
6
Let i(r) = 50*r + 136. Let z be i(3). What is the greatest common divisor of 26 and z?
26
Let l = 7 - 44. Let n = -31 - l. Calculate the highest common divisor of n and 42.
6
Let h(v) = -v**3 - 2*v**2 + 17*v + 15. Let g be h(-5). Suppose -4*u + 45 = t, g*u - 54 = -2*t - 0. What is the greatest common factor of u and 9?
3
Let w = 4 + -3. Suppose -5*p = 5, -226 = -4*u + p - 201. What is the greatest common factor of u and w?
1
Let t = -11 - -8. Let r be 220/16 - t/(-4). Let i be 1/4 + 1452/16. Calculate the highest common factor of r and i.
13
Suppose 60*s - 9075 = 3465. Calculate the highest common factor of s and 55.
11
Let c = -462 - -491. Calculate the highest common divisor of c and 406.
29
Suppose -136 = -19*x + 73. Calculate the highest common factor of x and 88.
11
Let s be (1 - 0/(-1))*2. Suppose s*l = 7*l - 3*d - 59, d = -5*l + 47. Calculate the highest common factor of l and 30.
10
Suppose 0 = -2*c - 4*j + 60 + 6, -j - 51 = -2*c. Calculate the highest common divisor of 36 and c.
9
Suppose -38*l + 50*l - 288 = 0. Calculate the greatest common factor of l and 1236.
12
Suppose -9*a = c - 6*a - 46, -c + 2*a + 31 = 0. What is the highest common factor of 5 and c?
1
Let l = 60 + -41. Let z = l - -29. Suppose -j + 7 = -4*m + 62, -3*m + z = -3*j. What is the greatest common divisor of 13 and m?
13
Let d(g) = -g**2 + 13*g - 10. Let u be d(11). Suppose 0 = 4*r - u. Suppose r*h - 80 = -2*h. What is the greatest common divisor of h and 48?
16
Let k(h) = -h**3 + 18*h**2 - 28*h + 86. Let x be k(7). Calculate the greatest common factor of x and 507.
39
Suppose 40 = v + 7*v. Suppose -v*o + 81 + 69 = 0. Calculate the greatest common factor of 6 and o.
6
Let l = 100 - 75. Let r be ((-9)/15)/((-5)/l). Let k be (-46)/(-2) + (-2)/(-2). What is the highest common factor of k and r?
3
Suppose 294 = 24*o - 3*o. Calculate the highest common divisor of o and 42.
14
Suppose -31 = -2*c + 3*w - 4, -5*w - 7 = 3*c. Let u = c - 1. Suppose -u*v + 490 = -0*v - p, 3*v = -2*p + 294. Calculate the highest common factor of 14 and v.
14
Let t(q) be the second derivative of -12*q + 13*q - 2*q**2 + 4*q**3 - 2*q**3 + 0*q**3. Let r be t(2). Calculate the highest common divisor of 5 and r.
5
Suppose -8*s + 9*s - z = 53, 2*z = 5*s - 268. Calculate the greatest common factor of s and 4.
2
Let s = 57 + -53. Suppose -2*q + s = -16. What is the greatest common factor of 10 and q?
10
Suppose -2*m + v = 3*v, 0 = 3*v + 6. Let q(h) = 3*h + 2. Let a be q(0). What is the highest common factor of m and a?
2
Let h = 60 - 55. Suppose -46 - 204 = -h*s. Calculate the greatest common divisor of 20 and s.
10
Let c be 3 + (3 - 1) + 10. Suppose -a + c = -30. What is the greatest common factor of 5 and a?
5
Suppose 0 = 4*j + 6*j - 60. Let m(f) = f**3 - 12*f**2 + 38*f. Let g be m(6). Calculate the greatest common factor of j and g.
6
Let p be (-52